{"id":28,"date":"2023-05-02T02:01:50","date_gmt":"2023-05-02T02:01:50","guid":{"rendered":"https:\/\/academics.design.ncsu.edu\/architecturefromtheglobalsouth\/?page_id=28"},"modified":"2024-07-25T22:58:40","modified_gmt":"2024-07-25T22:58:40","slug":"about","status":"publish","type":"page","link":"https:\/\/academics.design.ncsu.edu\/architecturefromtheglobalsouth\/about\/","title":{"rendered":"About"},"content":{"rendered":"\n<div class=\"wp-block-columns alignwide is-layout-flex wp-container-core-columns-is-layout-28f84493 wp-block-columns-is-layout-flex\">\n<div class=\"wp-block-column is-layout-flow wp-block-column-is-layout-flow\" style=\"flex-basis:30%\"><\/div>\n\n\n\n<div class=\"wp-block-column is-layout-flow wp-block-column-is-layout-flow\" style=\"flex-basis:20%\"><\/div>\n\n\n\n<div class=\"wp-block-column is-layout-flow wp-block-column-is-layout-flow\" style=\"flex-basis:50%\"><h2 style=\"font-size:clamp(0.875rem, 0.875rem + ((1vw - 0.2rem) * 0.542), 1.2rem);\" class=\"wp-block-post-title\">About<\/h2>\n\n\n<p>Since its establishment in 1979, the Pritzker Architecture Prize\u2014often referred to as<br>architecture\u2019s Nobel Prize\u2014has primarily honored the work of white male architects<br>from developed nations. After more than four decades, in 2022, for the first time, the<br>medal went to a Black and African architect, Francis K\u00e9r\u00e9, in recognition of his local and<br>yet innovative architecture in contexts of extreme scarcity. This delay reflects the<br>profession\u2019s preconceptions of what counts as good architecture, preconceptions that<br>continue to be strongly influenced by a long-standing exclusionary architectural canon<br>that privileges western aesthetics, technologies and practices. The root of the problem<br>lies in architectural education. Despite conscious decisions to move towards the<br>inclusion of non-western architecture in curriculums across the US, since the<br>late 1990s, it has only been successful when addressing pre-Renaissance architecture,<br>while post Renaissance to contemporary references beyond Eurocentric models<br>continue to go mostly unnoticed. At a time when diversity, equity, and inclusion are<br>more urgent than ever, it is paramount for academia to take a definitive stand and work<br>towards the diversification of the architectural canon; \u201cArchitecture from the Global<br>South: A Digital Archive,\u201d the first website of this kind, seeks to contribute to this critical<br>effort.<\/p>\n\n\n\n<p>\u201cArchitecture from the Global South: A Digital Archive,\u201d exposes undergraduate and<br>graduate students to the work of innovative practicing architects in developing countries<br>by asking them to develop a digital catalog of \u201cnew\u201d architectural precedents from the<br>perspective of architecture and culture. Specifically, the catalog focuses on architects<br>who, despite the pressure of globalization, embrace their local culture to propose a body<br>of work that addresses sustainability in all the dimensions of architecture: culture,<br>matter, and energy. Students have the opportunity to: a. establish first-hand<br>relationships with some of the leading figures in the field; b. gain an overall<br>understanding of these architects\u2019 body of work, and; c. be exposed to new<br>perspectives on architectural practice, some of which, given the social-economic<br>context, defy traditional Eurocentric knowledge on materials and building technologies.<\/p>\n\n\n\n<p>The website builds on existing efforts within the School of Architecture. Specifically, it<br>expands on the Lectures on Architecture and Culture, generously funded by Holly and<br>Professor Emeritus Paul Tesar. Since 2020, 40 students have studied the work of 16<br>prominent architects, studying their biography and one to two key design projects for<br>each) and developed precedent studies for the website.<\/p>\n\n\n\n<h2 class=\"wp-block-heading has-contrast-color has-text-color\" style=\"font-size:clamp(0.875rem, 0.875rem + ((1vw - 0.2rem) * 0.542), 1.2rem);font-style:normal;font-weight:600\">Architect Credits\/Permissions<\/h2>\n\n\n\n<p>Africa: <br>Atelier Mas\u014dm\u012b (Niger)<br>Francis K\u00e9r\u00e9 (Burkina Faso)<br><br>Latin America: <br>Ambrosi | Etchegaray (Mexico)<br>Barclay &amp; Crousse (Peru)<br>Solano Ben\u00edtez (Paraguay)<br>Taller de arquitectura Mauricio Rocha (Mexico)<\/p>\n\n\n\n<p>Asia: <br>Anupama Kundoo (India)<br>Bangkok Project Studio (Thailand)<br>Eleena Jamil (Malaysia)<br>Marina Tabassum (Bangladesh)<br>Neri &amp; Hu (China)<br>Studio Mumbai (India)<br>VTN Architects (Vietnam)<br><br>Middle East: <br>Abeer Seikely (Jordan)<br>Hassan Fathy (Egypt)<\/p>\n\n\n\n<h2 class=\"wp-block-heading has-contrast-color has-text-color\" style=\"font-size:clamp(0.875rem, 0.875rem + ((1vw - 0.2rem) * 0.542), 1.2rem);font-style:normal;font-weight:600\">Design Team<\/h2>\n\n\n\n<p>DeMagistris, Emma: Graphic Designer<br>Tiedeman, Drew: Website Developer + Graphic Designer<\/p>\n\n\n\n<h2 class=\"wp-block-heading has-contrast-color has-text-color\" style=\"font-size:clamp(0.875rem, 0.875rem + ((1vw - 0.2rem) * 0.542), 1.2rem);font-style:normal;font-weight:600\">Student Collaborators<\/h2>\n\n\n\n<p>Al Naqshabandi, Shams <br>Hassan Fathy: Digital model + image editor + biographical research<\/p>\n\n\n\n<p>Bagan, Brittany <br>Marina Tabassum: Digital model + image editor + biographical research<\/p>\n\n\n\n<p>Boudwin, Cece <br>VTN Architects: Digital model + image editor + biographical research<\/p>\n\n\n\n<p>Bustillos-Francis, Nabila <br>Solano Ben\u00edtez: Digital model<br><br>Carter II, Mack <br>Francis K\u00e9r\u00e9: Digital model<br><br>Castellanos, Miguel <br>Ambrosi | Etchegaray: Digital model<br><br>Cheruvathoor, Kevin <br>Palinda Kannangara: Digital model + image editor + biographical research<br><br>Chougula, Akash <br>Studio Mumbai: Digital model<br><br>Cisneros, Danytza <br>Abeer Seikaly: Digital model + image editor + biographical research<\/p>\n\n\n\n<p>Craig, Mia <br>Neri &amp; Hu: Digital model + image editor + biographical research<\/p>\n\n\n\n<p>Creviston, Brianna <br>Bangkok Project Studio: Digital model + image editor + biographical research<\/p>\n\n\n\n<p>Cuneo-Williams, Nicole <br>Anupama Kundoo: Digital model + image editor<br><br>DeMagistris, Emma <br>Barclay &amp; Crousse: Image editor<br>Marina Tabassum: Image editor<\/p>\n\n\n\n<p>Dom\u00ednguez-Tapia, Rosario <br>Atelier Mas\u014dm\u012b: Digital model + image editor + biographical research<\/p>\n\n\n\n<p>Evans Holness, Wayne <br>Taller de arquitectura Mauricio Rocha: Digital model + image editor + biographical research<\/p>\n\n\n\n<p>Fellowes, Emma <br>Palinda Kannangara: Digital model + image editor + biographical research<\/p>\n\n\n\n<p>Kanipe, Paige <br>Atelier Mas\u014dm\u012b: Digital model + image editor + biographical research<\/p>\n\n\n\n<p>Ganesh, Gayatri <br>Neri &amp; Hu: Digital model + image editor + biographical research<\/p>\n\n\n\n<p>Gillin, Abigail <br>Solano Ben\u00edtez: Digital model<br><br>Graves, Dy\u2019Kasha <br>Palinda Kannangara: Digital model + image editor + biographical research<\/p>\n\n\n\n<p>Hall, Jessica <br>Ambrosi | Etchegaray: Digital model<br><br>Jacobs, Isaiah <br>Taller de arquitectura Mauricio Rocha: Digital model + image editor + biographical research<\/p>\n\n\n\n<p>Johnson, Cameron <br>Francis K\u00e9r\u00e9: Image editor + biographical research<br>Solano Ben\u00edtez: Image editor + biographical research<br><br>Knorr, Daniel <br>Ambrosi | Etchegaray: Digital model + image editor + biographical research<\/p>\n\n\n\n<p>Mallikeshwaran, Lalith <br>Marina Tabasum: Digital model + interview<br><br>Motevalli, Golsa <br>Bangkok Project Studio: Digital model + image editor + biographical research<\/p>\n\n\n\n<p>Osman, Reyan <br>Hassan Fathy: Digital model + image editor + biographical research<\/p>\n\n\n\n<p>Patel, Saakshi <br>Studio Mumbai: Image editor + biographical research<br><br>Pfaff, Laura <br>Studio Mumbai: Digital model<br><br>Reuben, Shaina <br>Ambrosi | Etchegaray: Interview<br>Barclay &amp; Crousse: Digital model<\/p>\n\n\n\n<p>Richardson, DaeJane <br>Barclay &amp; Crousse: Digital model + interview + biographical research<\/p>\n\n\n\n<p>Sloan, Dottie <br>Barclay &amp; Crousse: Digital model + interview + biographical research<\/p>\n\n\n\n<p>Smith, Zoe <br>Abeer Seikaly: Digital model + image editor + biographical research<\/p>\n\n\n\n<p>Smithey, Megan <br>Eleena Jamil: Interview<br><br>Tiedeman, Drew <br>Barclay &amp; Crousse: Image editor<br>Marina Tabassum: Image editor<br>Ambrosi | Etchagaray: Interview<br><br>Wang, Stella <br>Anupama Kundoo: Digital model + image editor<br><br>Waterman, Lauren <br>Anupama Kundoo: Digital model + image editor<br><br>Wright, David <br>Marina Tabasum: Digital model + interview<br>Eleena Jamil: Interview<br><br>Wu, Kelly <br>Anupama Kundoo: Digital model + image editor<br><br>Wyatt, Veronica <br>VTN Architects: Digital model + image editor + biographical research<\/p>\n\n\n\n<h2 class=\"wp-block-heading\" style=\"font-size:clamp(0.875rem, 0.875rem + ((1vw - 0.2rem) * 0.542), 1.2rem);font-style:normal;font-weight:600\">Transcripts<\/h2>\n\n\n\n<p>Patricia Morgado, Ph.D.<\/p>\n\n\n\n<h2 class=\"wp-block-heading has-contrast-color has-text-color\" style=\"font-size:clamp(0.875rem, 0.875rem + ((1vw - 0.2rem) * 0.542), 1.2rem);font-style:normal;font-weight:600\">Contact<\/h2>\n\n\n\n<p>Patricia Morgado, Ph.D.<br>patricia_morgado@ncsu.edu<\/p>\n<\/div>\n<\/div>\n","protected":false},"excerpt":{"rendered":"<p>Since its establishment in 1979, the Pritzker Architecture Prize\u2014often referred to asarchitecture\u2019s Nobel Prize\u2014has primarily honored the work of white male architectsfrom developed nations. After more than four decades, in 2022, for the first time, themedal went to a Black and African architect, Francis K\u00e9r\u00e9, in recognition of his local andyet innovative architecture in contexts [&hellip;]<\/p>\n","protected":false},"author":6,"featured_media":0,"parent":0,"menu_order":0,"comment_status":"closed","ping_status":"closed","template":"","meta":{"_acf_changed":false,"footnotes":""},"class_list":["post-28","page","type-page","status-publish","hentry"],"acf":[],"_links":{"self":[{"href":"https:\/\/academics.design.ncsu.edu\/architecturefromtheglobalsouth\/wp-json\/wp\/v2\/pages\/28","targetHints":{"allow":["GET"]}}],"collection":[{"href":"https:\/\/academics.design.ncsu.edu\/architecturefromtheglobalsouth\/wp-json\/wp\/v2\/pages"}],"about":[{"href":"https:\/\/academics.design.ncsu.edu\/architecturefromtheglobalsouth\/wp-json\/wp\/v2\/types\/page"}],"author":[{"embeddable":true,"href":"https:\/\/academics.design.ncsu.edu\/architecturefromtheglobalsouth\/wp-json\/wp\/v2\/users\/6"}],"replies":[{"embeddable":true,"href":"https:\/\/academics.design.ncsu.edu\/architecturefromtheglobalsouth\/wp-json\/wp\/v2\/comments?post=28"}],"version-history":[{"count":31,"href":"https:\/\/academics.design.ncsu.edu\/architecturefromtheglobalsouth\/wp-json\/wp\/v2\/pages\/28\/revisions"}],"predecessor-version":[{"id":972,"href":"https:\/\/academics.design.ncsu.edu\/architecturefromtheglobalsouth\/wp-json\/wp\/v2\/pages\/28\/revisions\/972"}],"wp:attachment":[{"href":"https:\/\/academics.design.ncsu.edu\/architecturefromtheglobalsouth\/wp-json\/wp\/v2\/media?parent=28"}],"curies":[{"name":"wp","href":"https:\/\/api.w.org\/{rel}","templated":true}]}}

<div class="wp-block-columns alignwide is-layout-flex wp-container-core-columns-is-layout-28f84493 wp-block-columns-is-layout-flex">
<div class="wp-block-column is-layout-flow wp-block-column-is-layout-flow" style="flex-basis:30%"></div>



<div class="wp-block-column is-layout-flow wp-block-column-is-layout-flow" style="flex-basis:20%"></div>



<div class="wp-block-column is-layout-flow wp-block-column-is-layout-flow" style="flex-basis:50%"><h2 style="font-size:clamp(0.875rem, 0.875rem + ((1vw - 0.2rem) * 0.542), 1.2rem);" class="wp-block-post-title">About</h2>


<p>Since its establishment in 1979, the Pritzker Architecture Prize—often referred to as<br>architecture’s Nobel Prize—has primarily honored the work of white male architects<br>from developed nations. After more than four decades, in 2022, for the first time, the<br>medal went to a Black and African architect, Francis Kéré, in recognition of his local and<br>yet innovative architecture in contexts of extreme scarcity. This delay reflects the<br>profession’s preconceptions of what counts as good architecture, preconceptions that<br>continue to be strongly influenced by a long-standing exclusionary architectural canon<br>that privileges western aesthetics, technologies and practices. The root of the problem<br>lies in architectural education. Despite conscious decisions to move towards the<br>inclusion of non-western architecture in curriculums across the US, since the<br>late 1990s, it has only been successful when addressing pre-Renaissance architecture,<br>while post Renaissance to contemporary references beyond Eurocentric models<br>continue to go mostly unnoticed. At a time when diversity, equity, and inclusion are<br>more urgent than ever, it is paramount for academia to take a definitive stand and work<br>towards the diversification of the architectural canon; “Architecture from the Global<br>South: A Digital Archive,” the first website of this kind, seeks to contribute to this critical<br>effort.</p>



<p>“Architecture from the Global South: A Digital Archive,” exposes undergraduate and<br>graduate students to the work of innovative practicing architects in developing countries<br>by asking them to develop a digital catalog of “new” architectural precedents from the<br>perspective of architecture and culture. Specifically, the catalog focuses on architects<br>who, despite the pressure of globalization, embrace their local culture to propose a body<br>of work that addresses sustainability in all the dimensions of architecture: culture,<br>matter, and energy. Students have the opportunity to: a. establish first-hand<br>relationships with some of the leading figures in the field; b. gain an overall<br>understanding of these architects’ body of work, and; c. be exposed to new<br>perspectives on architectural practice, some of which, given the social-economic<br>context, defy traditional Eurocentric knowledge on materials and building technologies.</p>



<p>The website builds on existing efforts within the School of Architecture. Specifically, it<br>expands on the Lectures on Architecture and Culture, generously funded by Holly and<br>Professor Emeritus Paul Tesar. Since 2020, 40 students have studied the work of 16<br>prominent architects, studying their biography and one to two key design projects for<br>each) and developed precedent studies for the website.</p>



<h2 class="wp-block-heading has-contrast-color has-text-color" style="font-size:clamp(0.875rem, 0.875rem + ((1vw - 0.2rem) * 0.542), 1.2rem);font-style:normal;font-weight:600">Architect Credits/Permissions</h2>



<p>Africa: <br>Atelier Masōmī (Niger)<br>Francis Kéré (Burkina Faso)<br><br>Latin America: <br>Ambrosi | Etchegaray (Mexico)<br>Barclay &amp; Crousse (Peru)<br>Solano Benítez (Paraguay)<br>Taller de arquitectura Mauricio Rocha (Mexico)</p>



<p>Asia: <br>Anupama Kundoo (India)<br>Bangkok Project Studio (Thailand)<br>Eleena Jamil (Malaysia)<br>Marina Tabassum (Bangladesh)<br>Neri &amp; Hu (China)<br>Studio Mumbai (India)<br>VTN Architects (Vietnam)<br><br>Middle East: <br>Abeer Seikely (Jordan)<br>Hassan Fathy (Egypt)</p>



<h2 class="wp-block-heading has-contrast-color has-text-color" style="font-size:clamp(0.875rem, 0.875rem + ((1vw - 0.2rem) * 0.542), 1.2rem);font-style:normal;font-weight:600">Design Team</h2>



<p>DeMagistris, Emma: Graphic Designer<br>Tiedeman, Drew: Website Developer + Graphic Designer</p>



<h2 class="wp-block-heading has-contrast-color has-text-color" style="font-size:clamp(0.875rem, 0.875rem + ((1vw - 0.2rem) * 0.542), 1.2rem);font-style:normal;font-weight:600">Student Collaborators</h2>



<p>Al Naqshabandi, Shams <br>Hassan Fathy: Digital model + image editor + biographical research</p>



<p>Bagan, Brittany <br>Marina Tabassum: Digital model + image editor + biographical research</p>



<p>Boudwin, Cece <br>VTN Architects: Digital model + image editor + biographical research</p>



<p>Bustillos-Francis, Nabila <br>Solano Benítez: Digital model<br><br>Carter II, Mack <br>Francis Kéré: Digital model<br><br>Castellanos, Miguel <br>Ambrosi | Etchegaray: Digital model<br><br>Cheruvathoor, Kevin <br>Palinda Kannangara: Digital model + image editor + biographical research<br><br>Chougula, Akash <br>Studio Mumbai: Digital model<br><br>Cisneros, Danytza <br>Abeer Seikaly: Digital model + image editor + biographical research</p>



<p>Craig, Mia <br>Neri &amp; Hu: Digital model + image editor + biographical research</p>



<p>Creviston, Brianna <br>Bangkok Project Studio: Digital model + image editor + biographical research</p>



<p>Cuneo-Williams, Nicole <br>Anupama Kundoo: Digital model + image editor<br><br>DeMagistris, Emma <br>Barclay &amp; Crousse: Image editor<br>Marina Tabassum: Image editor</p>



<p>Domínguez-Tapia, Rosario <br>Atelier Masōmī: Digital model + image editor + biographical research</p>



<p>Evans Holness, Wayne <br>Taller de arquitectura Mauricio Rocha: Digital model + image editor + biographical research</p>



<p>Fellowes, Emma <br>Palinda Kannangara: Digital model + image editor + biographical research</p>



<p>Kanipe, Paige <br>Atelier Masōmī: Digital model + image editor + biographical research</p>



<p>Ganesh, Gayatri <br>Neri &amp; Hu: Digital model + image editor + biographical research</p>



<p>Gillin, Abigail <br>Solano Benítez: Digital model<br><br>Graves, Dy’Kasha <br>Palinda Kannangara: Digital model + image editor + biographical research</p>



<p>Hall, Jessica <br>Ambrosi | Etchegaray: Digital model<br><br>Jacobs, Isaiah <br>Taller de arquitectura Mauricio Rocha: Digital model + image editor + biographical research</p>



<p>Johnson, Cameron <br>Francis Kéré: Image editor + biographical research<br>Solano Benítez: Image editor + biographical research<br><br>Knorr, Daniel <br>Ambrosi | Etchegaray: Digital model + image editor + biographical research</p>



<p>Mallikeshwaran, Lalith <br>Marina Tabasum: Digital model + interview<br><br>Motevalli, Golsa <br>Bangkok Project Studio: Digital model + image editor + biographical research</p>



<p>Osman, Reyan <br>Hassan Fathy: Digital model + image editor + biographical research</p>



<p>Patel, Saakshi <br>Studio Mumbai: Image editor + biographical research<br><br>Pfaff, Laura <br>Studio Mumbai: Digital model<br><br>Reuben, Shaina <br>Ambrosi | Etchegaray: Interview<br>Barclay &amp; Crousse: Digital model</p>



<p>Richardson, DaeJane <br>Barclay &amp; Crousse: Digital model + interview + biographical research</p>



<p>Sloan, Dottie <br>Barclay &amp; Crousse: Digital model + interview + biographical research</p>



<p>Smith, Zoe <br>Abeer Seikaly: Digital model + image editor + biographical research</p>



<p>Smithey, Megan <br>Eleena Jamil: Interview<br><br>Tiedeman, Drew <br>Barclay &amp; Crousse: Image editor<br>Marina Tabassum: Image editor<br>Ambrosi | Etchagaray: Interview<br><br>Wang, Stella <br>Anupama Kundoo: Digital model + image editor<br><br>Waterman, Lauren <br>Anupama Kundoo: Digital model + image editor<br><br>Wright, David <br>Marina Tabasum: Digital model + interview<br>Eleena Jamil: Interview<br><br>Wu, Kelly <br>Anupama Kundoo: Digital model + image editor<br><br>Wyatt, Veronica <br>VTN Architects: Digital model + image editor + biographical research</p>



<h2 class="wp-block-heading" style="font-size:clamp(0.875rem, 0.875rem + ((1vw - 0.2rem) * 0.542), 1.2rem);font-style:normal;font-weight:600">Transcripts</h2>



<p>Patricia Morgado, Ph.D.</p>



<h2 class="wp-block-heading has-contrast-color has-text-color" style="font-size:clamp(0.875rem, 0.875rem + ((1vw - 0.2rem) * 0.542), 1.2rem);font-style:normal;font-weight:600">Contact</h2>



<p>Patricia Morgado, Ph.D.<br>patricia_morgado@ncsu.edu</p>
</div>
</div>

<p>Since its establishment in 1979, the Pritzker Architecture Prize—often referred to asarchitecture’s Nobel Prize—has primarily honored the work of white male architectsfrom developed nations. After more than four decades, in 2022, for the first time, themedal went to a Black and African architect, Francis Kéré, in recognition of his local andyet innovative architecture in contexts [&hellip;]</p>
